{"id":17,"date":"2015-09-21T14:39:57","date_gmt":"2015-09-21T17:39:57","guid":{"rendered":"http:\/\/ksatek.com.br\/admin\/?page_id=17"},"modified":"2015-09-21T14:39:57","modified_gmt":"2015-09-21T17:39:57","slug":"administracao","status":"publish","type":"page","link":"https:\/\/ksatek.com.br\/admin\/administracao\/","title":{"rendered":"administra\u00e7\u00e3o"},"content":{"rendered":"<p>Este post tem como p\u00fablico o pessoal interno ksatek e cont\u00e9m links \u00fateis para a administra\u00e7\u00e3o:<\/p>\n<h3>Agenda<\/h3>\n<p>Para acesso \u00e0 agenda da empresa clique <a href=\"http:\/\/www.ksatek.com.br\/agenda\/\" target=\"_blank\">aqui<\/a>.<\/p>\n<h3>Controle\u00a0de contas<\/h3>\n<p>Para acesso \u00e0 planilha de controle\u00a0de contas clique em <a href=\"https:\/\/docs.google.com\/spreadsheets\/d\/1k6dXDY2Kbcg1euvUYpGEO8wu6KvBD2AHiGryaZwGAF8\/edit?usp=sharing\" target=\"_blank\">aqui<\/a>.<\/p>\n<h3><\/h3>\n","protected":false},"excerpt":{"rendered":"<p>Este post tem como p\u00fablico o pessoal interno ksatek e cont\u00e9m links \u00fateis para a administra\u00e7\u00e3o: Agenda Para acesso \u00e0 agenda da empresa clique aqui. Controle\u00a0de contas Para acesso \u00e0 planilha de controle\u00a0de contas clique em aqui.<\/p>\n","protected":false},"author":1,"featured_media":0,"parent":0,"menu_order":0,"comment_status":"closed","ping_status":"closed","template":"","meta":{"footnotes":""},"class_list":["post-17","page","type-page","status-publish","hentry"],"_links":{"self":[{"href":"https:\/\/ksatek.com.br\/admin\/wp-json\/wp\/v2\/pages\/17","targetHints":{"allow":["GET"]}}],"collection":[{"href":"https:\/\/ksatek.com.br\/admin\/wp-json\/wp\/v2\/pages"}],"about":[{"href":"https:\/\/ksatek.com.br\/admin\/wp-json\/wp\/v2\/types\/page"}],"author":[{"embeddable":true,"href":"https:\/\/ksatek.com.br\/admin\/wp-json\/wp\/v2\/users\/1"}],"replies":[{"embeddable":true,"href":"https:\/\/ksatek.com.br\/admin\/wp-json\/wp\/v2\/comments?post=17"}],"version-history":[{"count":1,"href":"https:\/\/ksatek.com.br\/admin\/wp-json\/wp\/v2\/pages\/17\/revisions"}],"predecessor-version":[{"id":18,"href":"https:\/\/ksatek.com.br\/admin\/wp-json\/wp\/v2\/pages\/17\/revisions\/18"}],"wp:attachment":[{"href":"https:\/\/ksatek.com.br\/admin\/wp-json\/wp\/v2\/media?parent=17"}],"curies":[{"name":"wp","href":"https:\/\/api.w.org\/{rel}","templated":true}]}}